 2 = 0. Suppose -8*u - 2860 = -34*u. What is the highest common divisor of b and u?
10
Let z(c) = 11*c**2 + 2*c - 2. Let l(h) = h**3 - h - 3. Let o be l(0). Let f be z(o). What is the greatest common divisor of 13 and f?
13
Suppose 2*n - 8 = 4*n. Let d(y) = -y**2 - 8*y - 4. Let a be d(n). Calculate the greatest common divisor of 3 and a.
3
Let d = -75 + 77. What is the greatest common divisor of d and 22?
2
Let g = 4 + 31. Calculate the greatest common factor of g and 5.
5
Let i(m) = -m - 3. Let y be i(-7). Suppose -g + 47 = 3*v, -g + 25 = y*g. Let w be (6/7)/(2/v). Calculate the highest common divisor of w and 12.
6
Suppose 3*a + 3 = 12. Let x(l) be the first derivative of -l**4/4 + 4*l**3/3 - l**2 + 3*l - 2. Let y be x(a). Calculate the highest common factor of 54 and y.
6
Let i = 19 + -17. Calculate the highest common factor of i and 16.
2
Suppose 0 = -0*s + 5*s + 50. Let a = 34 + -56. Let r = s - a. Calculate the greatest common divisor of 24 and r.
12
Suppose -75 = -7*l + 261. What is the highest common divisor of 72 and l?
24
Let j(s) = -2*s. Let d be j(-1). Suppose -3*w - 3 = 0, -w - 13 = -2*g - d*w. What is the highest common divisor of 21 and g?
7
Suppose -6*o + 2*o = 8. Let g be ((-2)/(-6))/(o/(-24)). Suppose 3*r + g*a - 39 = -2*r, 0 = -r - 4*a + 11. Calculate the greatest common factor of 77 and r.
7
Let n(m) = -3*m**2 - m + 1. Let j be n(1). Let z be ((-3)/(-2))/(j/12). Let p be 4/z + 23/3. What is the greatest common divisor of 1 and p?
1
Let g be (-8*10)/((-1)/3). Calculate the highest common divisor of g and 30.
30
Let c be 55/(-15)*(-64 - 2). Calculate the highest common factor of c and 22.
22
Suppose -5*v = -4*i + 6 + 5, 0 = -4*v + 4. Suppose p + 90 = d - i*p, 4*p - 72 = -d. What is the greatest common divisor of d and 16?
16
Let k(d) = 2*d**2 + 2*d - 8. Let p be k(7). Calculate the highest common factor of 13 and p.
13
Let i be (-18)/(-2*(-2)/6). Let z be 1479/27 - 6/i. Let f be 8/(-32) - 42/(-8). Calculate the greatest common divisor of z and f.
5
Suppose 34 = 3*g + 4. Suppose m + 5*k - g = 0, 8*k = -5*m + 3*k + 130. What is the highest common divisor of m and 15?
15
Let g be (40/(-6))/(3/(-9)). Calculate the highest common factor of 160 and g.
20
Let u = 11 + -6. Suppose 10*y - 1345 = u*y. Suppose 50 = a - 3*o, 3*a + 3*o + 59 - y = 0. Calculate the greatest common divisor of 13 and a.
13
Let u(h) be the third derivative of h**4/24 + 20*h**3/3 + 2*h**2. Let m be 0/(-1) - (-7 - -7). Let a be u(m). Calculate the greatest common factor of a and 16.
8
Let j be (-110)/4 - (-1)/2. Let r = j + 62. Suppose -7 = -3*a + r. Calculate the highest common divisor of a and 7.
7
Let g(i) = i**2 + 5*i + 22. Let d be g(-10). What is the greatest common divisor of d and 9?
9
Suppose r + r - 8 = 0. Let f = 46 - 28. Suppose 0 = -k + f - 6. What is the highest common factor of r and k?
4
Suppose -2*i = 5*a - 31, -2*a + 0*a - 2 = -4*i. Suppose -3*z - 15 = 0, t + i*t - 2*z - 178 = 0. What is the greatest common factor of t and 21?
21
Let d = 5 + -10. Let f be ((-2)/d)/(5/425). Suppose -2*o + 18 = 8, 93 = 4*j + 5*o. What is the highest common divisor of j and f?
17
Suppose 5*f - 92 - 188 = 0. Suppose 8 = -3*a + f. Suppose -50 - 70 = -3*s. Calculate the greatest common factor of s and a.
8
Let z be (2 + (-16)/6)*-264. Calculate the highest common divisor of 22 and z.
22
Let k = -172 + 346. Calculate the greatest common factor of 29 and k.
29
Let s be (-1)/(-2)*(-1 - -13). Suppose b - s*b - 170 = 0. Let p be -4*b/(-16)*-2. What is the greatest common factor of p and 68?
17
Let h(n) = n**3 + 14*n**2 + 9*n + 8. Let y be h(-13). What is the greatest common divisor of 15 and y?
15
Let k(j) = j**3 + 8*j**2 + 6*j + 13. Let b be k(-7). Calculate the highest common divisor of b and 15.
5
Suppose 185 = 4*t - 5*x, -3*t + 6*x + 145 = x. Calculate the highest common divisor of 4 and t.
4
Let h = 7 + -7. Suppose 5*a = 2*y - 12, h*y - a = -3*y + 18. What is the greatest common divisor of y and 2?
2
Suppose x = 2*x - 48. Calculate the greatest common divisor of x and 16.
16
Suppose -3*r - 2 = -11. Suppose -29 = r*q - 269. Calculate the greatest common factor of 16 and q.
16
Suppose -5*m - 2 = 3. Let w be m*(-9*2)/2. What is the highest common divisor of w and 63?
9
Suppose -3*c = -8*c + 120. Suppose -i - c = -5*i. Calculate the highest common factor of 6 and i.
6
Suppose -13 + 157 = 3*o. Let v be ((-6)/(-5))/((-2)/(-150)). Let k = v - o. What is the greatest common divisor of 7 and k?
7
Let f be 17 + -1 - (-12)/(-4). What is the greatest common factor of f and 78?
13
Suppose 4*z + 4 = 0, 3*r - 2*r - 24 = 4*z. What is the highest common divisor of r and 4?
4
Let t(y) = -2*y - 10. Let q = -5 - -7. Let p(f) = -2*f**2 - 2*f + 3. Let l be p(q). Let c be t(l). Calculate the greatest common divisor of 20 and c.
4
Let x = -48 + 219. What is the highest common factor of x and 19?
19
Let i be 53/11 + 6/33. Suppose -57 = -4*s + i*c, 2*s - 87 = -2*s - 5*c. What is the highest common factor of 144 and s?
18
Let m(f) = f**3 - 4*f**2 - 10*f + 8. Let z be m(7). Let k = 4 - -13. Calculate the highest common divisor of z and k.
17
Suppose 1 + 5 = -2*t - b, 0 = -2*t - 5*b - 6. Let j = 0 - t. What is the highest common divisor of j and 3?
3
Let h be 5/2*(17 + 7). Calculate the highest common factor of 15 and h.
15
Suppose 4*f + 20 = 3*v, -5 = -v + f + 1. Let l be (12/8)/((-1)/6). Let h = l + 13. What is the highest common factor of h and v?
4
Suppose 0*v + 60 = 4*v. Calculate the highest common factor of 105 and v.
15
Let n = 108 + -38. Calculate the highest common factor of n and 14.
14
Let p = -6 + 11. Suppose 2*d + p*q = -3*d + 55, -3*d + 3*q + 21 = 0. Suppose -3*y = 15, l + l + 5*y + d = 0. What is the highest common factor of l and 8?
8
Let i be (-1043)/(-5) - 2/(-5). Suppose 0*g = 3*g - 228. Suppose g = 3*c + c. What is the greatest common divisor of c and i?
19
Suppose -3*q - 201 = -m, 2*m + 221 = -q + 644. What is the greatest common factor of m and 42?
42
Suppose 10 = 4*f - 6. Suppose n + f = 3*n. Let a be n/(-10) + 104/20. What is the greatest common factor of 25 and a?
5
Let m(x) = x**2 - 3*x + 2. Let y be m(3). Let o be (-1)/2*y*-2. Let t be (1 + 1 - o) + 18. Calculate the highest common factor of 45 and t.
9
Let c = 38 - 16. What is the greatest common divisor of c and 22?
22
Suppose c - 16 = 39. Let n(q) = -22*q**3 - q - 1. Let k be n(-1). Calculate the greatest common divisor of c and k.
11
Let j = -27 + 48. Let o be ((-9)/(-6))/((-2)/(-4)). Calculate the greatest common factor of o and j.
3
Let z(u) = -u**2 + 9*u - 4. Let f be z(8). Suppose -18 - 2 = -f*i + 4*j, -2*j + 18 = 5*i. Calculate the highest common factor of 32 and i.
4
Suppose -5*t + 107 = 5*o - 73, t = -4*o + 39. Suppose u = -2*c, -4*u + u = 5*c. Suppose -7 + c = -l. Calculate the greatest common divisor of l and t.
7
Let d be (-6)/(-8) - (-1)/4. Let w be 7 + -10 + d + 0. Let b be 8/w*-5*8. What is the greatest common factor of b and 20?
20
Suppose -2*t = -9*t + 315. What is the greatest common factor of t and 315?
45
Let k(i) = -i + 165. Let o be k(0). What is the greatest common divisor of o and 33?
33
Let z = -15 - -38. What is the highest common factor of 23 and z?
23
Let p be (-40)/(-7) + 13/((-91)/(-2)). Let b = 5 + -3. Suppose 4*g = p*g - b. What is the greatest common factor of g and 7?
1
Let k(o) = -10*o + 5. Let i be k(-6). Let s be -26*10*3/(-12). Suppose 4*g + g = s. What is the greatest common divisor of i and g?
13
Let d(t) = 0 + 2 + 34*t**2 + t - 1. Let x be d(-1). What is the greatest common divisor of 17 and x?
17
Let l(b) = -2*b**3 - 2*b**2 + 3*b + 3. Let m be l(-2). Suppose -m*o + 54 + 16 = 0. Calculate the greatest common factor of 112 and o.
14
Let x be (18/21)/(((-1)/1)/(-28)). What is the highest common factor of 36 and x?
12
Suppose -3*z - x + 66 = 0, 2*z - 8 = 4*x + 36. Calculate the highest common factor of z and 33.
11
Let b = -3 - -5. Suppose 2 = 4*j - b. Let h = 6 - j. Calculate the greatest common factor of h and 35.
5
Let p = -45 + 54. Suppose -2*q + 4*h - h = 23, -3*q = -4*h + 32. Let k = 7 + q. Calculate the highest common factor of k and p.
3
Let j = 9 - 11. Let m(w) = -5*w + 2. Let y be m(j). Calculate the greatest common factor of y and 84.
12
Let p be ((-3)/(-4))/(16/